he units digit of 3295?
5
What is the ten thousands digit of 11789?
1
What is the units digit of 12173?
3
What is the tens digit of 1775?
7
What is the tens digit of 1208?
0
What is the tens digit of 38655?
5
What is the hundreds digit of 131511?
5
What is the hundreds digit of 193?
1
What is the units digit of 14?
4
What is the hundreds digit of 842?
8
What is the hundreds digit of 955?
9
What is the units digit of 1229?
9
What is the units digit of 57507?
7
What is the units digit of 44?
4
What is the thousands digit of 4074?
4
What is the units digit of 34320?
0
What is the units digit of 9?
9
What is the ten thousands digit of 44984?
4
What is the units digit of 776?
6
What is the tens digit of 10850?
5
What is the thousands digit of 1201?
1
What is the tens digit of 12542?
4
What is the thousands digit of 6609?
6
What is the thousands digit of 14918?
4
What is the tens digit of 409?
0
What is the units digit of 405?
5
What is the thousands digit of 1956?
1
What is the tens digit of 34?
3
What is the hundreds digit of 11324?
3
What is the hundreds digit of 470?
4
What is the hundreds digit of 69076?
0
What is the hundreds digit of 6965?
9
What is the units digit of 113222?
2
What is the tens digit of 100951?
5
What is the units digit of 1257?
7
What is the hundreds digit of 32240?
2
What is the thousands digit of 72757?
2
What is the ten thousands digit of 17457?
1
What is the tens digit of 76567?
6
What is the thousands digit of 33756?
3
What is the tens digit of 24941?
4
What is the units digit of 18855?
5
What is the tens digit of 943?
4
What is the units digit of 2447?
7
What is the hundreds digit of 1652?
6
What is the ten thousands digit of 49460?
4
What is the thousands digit of 2206?
2
What is the hundreds digit of 25909?
9
What is the hundreds digit of 14764?
7
What is the tens digit of 11839?
3
What is the units digit of 3190?
0
What is the thousands digit of 12916?
2
What is the thousands digit of 3521?
3
What is the thousands digit of 6216?
6
What is the tens digit of 75576?
7
What is the hundred thousands digit of 171574?
1
What is the thousands digit of 72104?
2
What is the thousands digit of 14725?
4
What is the thousands digit of 1909?
1
What is the units digit of 2651?
1
What is the hundreds digit of 9564?
5
What is the hundreds digit of 1227?
2
What is the tens digit of 73653?
5
What is the hundreds digit of 6366?
3
What is the hundreds digit of 409?
4
What is the thousands digit of 14184?
4
What is the units digit of 10696?
6
What is the thousands digit of 4557?
4
What is the units digit of 37288?
8
What is the hundreds digit of 450?
4
What is the units digit of 6018?
8
What is the thousands digit of 1168?
1
What is the tens digit of 913?
1
What is the units digit of 5301?
1
What is the hundreds digit of 386?
3
What is the hundreds digit of 3144?
1
What is the hundreds digit of 1207?
2
What is the ten thousands digit of 47204?
4
What is the hundreds digit of 262?
2
What is the hundreds digit of 5134?
1
What is the hundreds digit of 101511?
5
What is the tens digit of 65100?
0
What is the hundreds digit of 308?
3
What is the thousands digit of 3272?
3
What is the tens digit of 7645?
4
What is the hundreds digit of 16516?
5
What is the tens digit of 6417?
1
What is the hundreds digit of 1051?
0
What is the thousands digit of 15374?
5
What is the thousands digit of 9325?
9
What is the tens digit of 11?
1
What is the hundreds digit of 5067?
0
What is the ten thousands digit of 12903?
1
What is the tens digit of 82849?
4
What is the units digit of 1667?
7
What is the units digit of 9945?
5
What is the thousands digit of 14642?
4
What is the units digit of 6536?
6
What is the thousands digit of 54475?
4
What is the tens digit of 561?
6
What is the hundreds digit of 542?
5
What is the hundreds digit of 1477?
4
What is the tens digit of 1294?
9
What is the tens digit of 211?
1
What is the tens digit of 1646?
4
What is the tens digit of 18907?
0
What is the tens digit of 9989?
8
What is the hundreds digit of 15639?
6
What is the tens digit of 430?
3
What is the units digit of 5589?
9
What is the thousands digit of 14244?
4
What is the thousands digit of 32528?
2
What is the units digit of 2063?
3
What is the hundreds digit of 6006?
0
What is the thousands digit of 1556?
1
What is the tens digit of 1140?
4
What is the units digit of 57?
7
What is the thousands digit of 1417?
1
What is the hundreds digit of 1982?
9
What is the hundreds digit of 115?
1
What is the units digit of 1428?
8
What is the units digit of 260?
0
What is the tens digit of 59037?
3
What is the hundreds digit of 4719?
7
What is the thousands digit of 2037?
2
What is the thousands digit of 1182?
1
What is the hundreds digit of 5134?
1
What is the thousands digit of 18830?
8
What is the units digit of 886?
6
What is the thousands digit of 13597?
3
What is the units digit of 8053?
3
What is the units digit of 911?
1
What is the thousands digit of 2552?
2
What is the hundreds digit of 927?
9
What is the hundreds digit of 61594?
5
What is the units digit of 5850?
0
What is the tens digit of 961?
6
What is the tens digit of 3312?
1
What is the tens digit of 17?
1
What is the ten thousands digit of 97657?
9
What is the tens digit of 26754?
5
What is the units digit of 4505?
5
What is the thousands digit of 4503?
4
What is the hundreds digit of 32959?
9
What is the tens digit of 911?
1
What is the thousands digit of 3877?
3
What is the hundreds digit of 758?
7
What is the tens digit of 3975?
7
What is the hundreds digit of 13456?
4
What is the tens digit of 8085?
8
What is the hundreds digit of 424?
4
What is the thousands digit of 4378?
4
What is the hundreds digit of 2743?
7
What is the tens digit of 46?
4
What is the units digit of 5365?
5
What is the units digit of 3076?
6
What is the thousands digit of 72355?
2
What is the ten thousands digit of 175141?
7
What is the tens digit of 14626?
2
What is the hundreds digit of 37307?
3
What is the units digit of 1411?
1
What is the hundreds digit of 2211?
2
What is the thousands digit of 2654?
2
What is the thousands digit of 2252?
2
What is the ten thousands digit of 20263?
2
What is the units digit of 2908?
8
What is the tens digit of 3334?
3
What is the units digit of 412?
2
What is the hundreds digit of 605?
6
What is the thousands digit of 7101?
7
What is the tens digit of 1032?
3
What is the hundreds digit of 40629?
6
What is the thousands digit of 26891?
6
What is the units digit of 64128?
8
What is the tens digit of 201026?
2
What is the tens digit of 1444?
4
What is the tens digit of 1353?
5
What is the tens digit of 3731?
3
What is the units digit of 13017?
7
What is the units digit of 41218?
8
What is the tens digit of 31526?
2
What is the thousands digit of 31514?
1
What is the units digit of 1538?
8
What is the units digit of 47634?
4
What is the tens digit of 1635?
3
What is the tens digit of 6835?
3
What is the units digit of 360?
0
What is the thousands digit of 1619?
1
What is the units digit of 2906?
6
What is the hundreds digit of 24040?
0
What is the ten thousands digit of 26483?
2
What is the thousands digit of 2487?
2
What is the thousands digit of 7806?
7
What is the units digit of 20078?
8
What is the ten thousands digit of 10453?
1
What is the units digit of 412?
2
What is the hundreds digit of 30154?
1
What is the units digit of 6943?
3
What is the thousands digit of 22180?
2
What is the tens digit of 60138?
3
What is the tens digit of 7195?
9
What is the hundreds digit of 12406?
4
What is the units digit of 575?
5
What is the hundreds digit of 807?
8
What is the units digit of 943?
3
What is the units digit of 2637?
7
What is the hundreds digit of 24123?
1
What is the hundreds digit of 130364?
3
What is the thousands digit of 18885?
8
What is the units digit of 4370?
0
What is the units digit of 7753?
3
What is the hundreds digit of 2338?
3
What is the thousands digit of 3201?
3
What is the tens digit of 580?
8
What is the hundreds digit of 698?
6
What is the units digit of 9423?
3
What is the tens digit of 2404?
0
What is the hundreds digit of 8181?
1
What is the units digit of 11037?
7
What is the thousands digit of 6004?
6
What is the units digit of 392?
2
What is the tens digit of 32297